5662 (base 7) in base 10?
11034648
What is 12201002002 (base 3) in base 2?
11011011011000010
Convert 1bd88 (base 15) to base 9.
147502
Convert -1001100110000111010 (base 2) to base 4.
-1030300322
23202200 (base 4) to base 11
32568
-2103114 (base 9) to base 10
-1124212
What is 1101122022221 (base 3) in base 5?
142202110
320013420 (base 5) to base 3
2111112100221
22de9 (base 15) to base 9
178413
6411630 (base 7) to base 14
162c17
-58a382 (base 12) to base 7
-15064565
What is 210122101222 (base 3) in base 13?
11bbb9
Convert -12100001001111 (base 3) to base 9.
-5301044
What is -2357567 (base 10) in base 2?
-1000111111100100111111
Convert 52130156 (base 7) to base 10.
4377113
Convert 107ab9 (base 13) to base 8.
1366642
12104005 (base 7) to base 4
10012330201
Convert -1011111000100111001 (base 2) to base 15.
-7a5c3
Convert 2453250 (base 6) to base 11.
8a9a9
What is 11101303 (base 5) in base 13?
35257
4afb93 (base 16) to base 13
1030942
Convert -1110100111110111 (base 2) to base 12.
-2a7b3
Convert 132161325 (base 7) to base 4.
200123302302
What is 1340233 (base 9) in base 5?
142010044
What is 1100111011101101100110 (base 2) in base 12?
1175b9a
-21da8 (base 14) to base 12
-3b740
What is 1281726 (base 10) in base 4?
10320322332
Convert 1200212121 (base 3) to base 8.
101242
Convert -354106 (base 7) to base 5.
-4020403
Convert 21323203 (base 4) to base 12.
1b657
What is -1643136 (base 7) in base 12?
-b0780
What is 105310 (base 10) in base 11?
72137
What is -101011321303 (base 4) in base 3?
-22102122021011
What is -84595a (base 15) in base 3?
-102211220011011
331776 (base 8) to base 7
643256
4271628 (base 11) to base 3
112010200210022
Convert 35998 (base 13) to base 15.
1e1e4
505202 (base 7) to base 4
110331122
Convert 34122025 (base 7) to base 12.
bab017
Convert 2173a2 (base 14) to base 7.
12432062
What is -12022110001 (base 3) in base 8?
-314174
Convert -440253353 (base 6) to base 14.
-1088b41
Convert -1501161 (base 7) to base 12.
-98b73
-4a4a3 (base 12) to base 6
-2055123
-587b7 (base 15) to base 7
-2252533
Convert 11518 (base 10) to base 12.
67ba
123104313 (base 5) to base 9
1110502
What is 41525535 (base 7) in base 5?
1344041034
204016 (base 10) to base 15
406b1
423522350 (base 6) to base 12
25b93b6
1242 (base 14) to base 4
301322
What is -7154136 (base 8) in base 12?
-771b92
-100010201200 (base 3) to base 13
-63b3a
41746 (base 12) to base 16
14ee6
What is 1432221310 (base 5) in base 11?
2158775
Convert 510661 (base 9) to base 13.
a7806
12d918 (base 14) to base 12
27546a
-340355021 (base 6) to base 5
-3041030433
What is 12012212111 (base 3) in base 9?
165774
7d99 (base 14) to base 16
5583
What is -2683207 (base 10) in base 3?
-12001022200001
-5ecd (base 16) to base 13
-b07b
Convert 1102112022 (base 5) to base 13.
653acc
Convert -62211241 (base 7) to base 12.
-18b4981
Convert -10000101010011100 (base 2) to base 12.
-335b8
What is 5143104 (base 7) in base 3?
1011021122010
1210001200121 (base 3) to base 13
271795
What is -103521410 (base 6) in base 4?
-13012130232
7847 (base 9) to base 8
13242
1576072 (base 8) to base 2
1101111110000111010
What is -10001100110000101010 (base 2) in base 13?
-172574
Convert -321983a (base 11) to base 2.
-10101100110111010100000
78785 (base 15) to base 11
2418a0
-1dedb (base 16) to base 14
-32963
Convert 1795935 (base 10) to base 2.
110110110011101011111
Convert -530313 (base 9) to base 6.
-10431103
What is 5113167 (base 8) in base 6?
44530251
197538a (base 12) to base 14
a007d8
Convert -3410312301 (base 5) to base 6.
-424550010
-10001110101110110001 (base 2) to base 12
-2423a9
What is -845d (base 16) in base 7?
-200535
What is -1981a37 (base 12) in base 6?
-311342511
2214ba (base 15) to base 5
403440300
What is 11110101011011000110101 (base 2) in base 5?
4024321122
What is 101110111010011000 (base 2) in base 12?
93248
What is 416608 (base 10) in base 12?
181114
What is 10101111000111001000 (base 2) in base 7?
6045061
What is 4aaa66 (base 14) in base 8?
11621522
-12210124 (base 6) to base 7
-3213313
33121300 (base 4) to base 11
43443
Convert 13400022 (base 5) to base 4.
201210220
Convert -9397a (base 11) to base 3.
-20221211210
Convert 2413351 (base 11) to base 10.
4206379
What is 1222120122011 (base 3) in base 7?
11651425
Convert 983405 (base 11) to base 12.
639225
Convert 121544 (base 8) to base 15.
c5d8
15306812 (base 9) to base 8
35047322
785a10 (base 12) to base 9
3542653
Convert 10549a5 (base 11) to base 8.
7037636
Convert 2014004 (base 9) to base 14.
1dcb35
What is 220010122011021 (base 3) in base 11?
7270519
Convert -4451a (base 16) to base 9.
-465766
Convert 47b649 (base 12) to base 10.
1160409
2110122220 (base 3) to base 13
19173
What is 3aa3a3 (base 11) in base 7?
5316440
Convert -1103221103 (base 4) to base 8.
-1235123
What is -a5845 (base 11) in base 9?
-254322
67c5fe (base 16) to base 14
c90662
-2635415 (base 8) to base 11
-462a83
-212130032 (base 5) to base 3
-1200111120221
-b614 (base 13) to base 12
-126ba
Convert -34222233 (base 6) to base 15.
-1599d6
21333032 (base 5) to base 4
230303131
What is 13933a (base 11) in base 8?
650417
-10010010101101010000011 (base 2) to base 11
-2793882
Convert 2121106 (base 7) to base 10.
257305
Convert -22a9 (base 12) to base 6.
-25533
2344056 (base 8) to base 5
131003240
-10000010100001001101 (base 2) to base 5
-114101410
What is -100011101100011010100101 (base 2) in base 7?
-142350532
64590 (base 12) to base 9
221250
Convert -295b07 (base 12) to base 11.
-434891
-424123 (base 6) to base 2
-1000011100110011
-11202652 (base 7) to base 14
-1b5899
-1021503340 (base 6) to base 12
-3711b50
-240315151 (base 6) to base 13
-c19540
Convert -5515152 (base 9) to base 11.
-1743a90
What is -262805 (base 9) in base 4?
-212331113
-204336 (base 8) to base 11
-46a42
11011022333 (base 4) to base 12
54293b
2240442401 (base 5) to base 6
255255115
Convert -4131311 (base 6) to base 4.
-300133123
24422042 (base 5) to base 8
706504
Convert -1514742 (base 8) to base 14.
-b392a
Convert -9009b0 (base 12) to base 11.
-12a06a7
-25453023 (base 6) to base 10
-831399
Convert 33110072 (base 8) to base 4.
123021000322
What is 1510321 (base 6) in base 13?
30769
What is -1bc21 (base 14) in base 2?
-10001010101000101
Convert 444d2 (base 15) to base 4.
311000021
38acd (base 14) to base 13
4b567
-54010355 (base 6) to base 15
-215698
1000010200002 (base 3) to base 13
15915b
What is -821580 (base 11) in base 12?
-537882
What is -2103112214 (base 5) in base 6?
-233104425
Convert 723206 (base 8) to base 4.
322122012
What is 1abb63 (base 12) in base 2?
1110100011010111011
-10810141 (base 9) to base 13
-1123144
What is -10b25 (base 16) in base 5?
-4142024
Convert 6817a (base 12) to base 6.
2545034
-2001202301 (base 4) to base 16
-818b1
-427a6 (base 16) to base 10
-272294
What is -23013301231 (base 4) in base 15?
-3c8c77
What is 223262560 (base 7) in base 14?
1b366a0
What is -21074 (base 16) in base 10?
-135284
Convert 1003eca (base 15) to base 2.
101011100000001100111010
Convert -54436 (base 11) to base 4.
-103103030
What is 334743 (base 10) in base 9?
560156
-1369027 (base 12) to base 15
-517604
Convert -4846054 (base 9) to base 10.
-2628823
Convert 443124400 (base 5) to base 2.
111010110011011000010
334133 (base 8) to base 13
3c408
Convert 2517146 (base 10) to base 9.
4655778
14414e (base 15) to base 13
28212b
Convert 42a134 (base 14) to base 4.
20212233002
-1120303232 (base 4) to base 15
-72ba8
Convert 1110101011111000 (base 2) to base 7.
340241
Convert 1022001112120 (base 3) to base 4.
2220131223
c48bc0 (base 13) to base 4
101200130213
What is -177258 (base 10) in base 15?
-377c3
Convert 7cf8 (base 16) to base 9.
47786
Convert -10110101110010100001110 (base 2) to base 4.
-112232110032
What is 323003221021 (base 4) in base 12?
52271a1
Convert -30331233233 (base 4) to base 13.
-91cc3a
-240104453 (base 6) to base 8
-21075161
Convert -21511555 (base 7) to base 13.
-4cab51
-1105897 (base 10) to base 15
-16ca17
Convert 3563162 (base 7) to base 4.
1232132132
-8a703 (base 11) to base 10
-131288
1166b (base 16) to base 15
161ba
Convert 2888045 (base 9) to base 3.
2222222001112
What is 878467 (base 9) in base 5?
113241121
406b8 (base 15) to base 4
301303313
868a0 (base 13) to base 15
4c0a2
-10100011100000001 (base 2) 